{"id":3427,"date":"2025-09-29T15:10:33","date_gmt":"2025-09-29T15:10:33","guid":{"rendered":"https:\/\/impormaderasltda.com\/?page_id=3427"},"modified":"2025-09-29T15:45:52","modified_gmt":"2025-09-29T15:45:52","slug":"materiales","status":"publish","type":"page","link":"https:\/\/impormaderasltda.com\/index.php\/materiales\/","title":{"rendered":"MATERIALES"},"content":{"rendered":"\n<h1 class=\"wp-block-heading has-text-align-center\"><strong><em>Madera<\/em><\/strong><\/h1>\n\n\n\n<h2 class=\"wp-block-heading has-text-align-center\">Contrachapado<\/h2>\n\n\n\n<p><strong>El contrachapado\u00a0<\/strong>es uno de los principales semiterminados que se pueden cortar con las seccionadoras horizontales y verticales Putsch\u00a0Meniconi.<\/p>\n\n\n<div class=\"wp-block-image\">\n<figure class=\"aligncenter\"><img decoding=\"async\" src=\"https:\/\/www.putschmeniconi.com\/wp-content\/uploads\/2017\/01\/compensati.jpg\" alt=\"\" title=\"compensati\"\/><\/figure>\n<\/div>\n\n\n<h2 class=\"wp-block-heading has-text-align-center\">Laminados<\/h2>\n\n\n\n<p>Los pisos en laminado est\u00e1n compuestos por unas capas de materiales cortables con las seccionadoras verticales SVP Series de Putsch\u00a0Meniconi.<\/p>\n\n\n\n<figure class=\"wp-block-video\"><video height=\"1080\" style=\"aspect-ratio: 1080 \/ 1080;\" width=\"1080\" controls src=\"https:\/\/impormaderasltda.com\/wp-content\/uploads\/2025\/09\/wood-laminate-vertical-putschmeniconi.mp4\"><\/video><\/figure>\n\n\n\n<figure class=\"wp-block-video\"><video height=\"1080\" style=\"aspect-ratio: 1080 \/ 1080;\" width=\"1080\" controls src=\"https:\/\/impormaderasltda.com\/wp-content\/uploads\/2025\/09\/wood-laminate-horizontal-putschmeniconi.mp4\"><\/video><\/figure>\n\n\n<div class=\"wp-block-image\">\n<figure class=\"aligncenter\"><img decoding=\"async\" src=\"https:\/\/www.putschmeniconi.com\/wp-content\/uploads\/2017\/01\/laminati.jpg\" alt=\"\" title=\"laminati\"\/><\/figure>\n<\/div>\n\n\n<h2 class=\"wp-block-heading\">Madera Maciza<\/h2>\n\n\n\n<p>Se define madera maciza, cualquier porci\u00f3n del tronco de un \u00e1rbol, del duramen o sea de la parte m\u00e1s interna y m\u00e1s densa del \u00e1<em>rbol<\/em>\u00a0(o sea la menos joven) y no la externa, la corteza, de la que se obtiene el chapado. Las m\u00e1quinas seccionadoras verticales y seccionadoras horizontales Putsch\u00a0Meniconi gracias a la resistencia de su bastidor y a sus grandes capacidades de corte materiales de sus hojas circulares y incisores son utilizadas por las carpinter\u00edas, las empresas de construcci\u00f3n\u00a0y de comercio de madera de todo el mundo para el corte de la madera m\u00e1s dura y m\u00e1s dif\u00edcil de trabajar, la madera maciza.<\/p>\n\n\n<div class=\"wp-block-image\">\n<figure class=\"aligncenter\"><img decoding=\"async\" src=\"https:\/\/www.putschmeniconi.com\/wp-content\/uploads\/2017\/01\/massello.jpg\" alt=\"\" title=\"massello\"\/><\/figure>\n<\/div>\n\n\n<h2 class=\"wp-block-heading\">Melamina<\/h2>\n\n\n\n<p>La melamina es un tablero de madera de conglomerado revestido en un lado, o en ambos lados, con pap\u00e9l de melamina, que es un material sint\u00e9tico compuesto por hojas de pael muy sutiles (alrededor del d\u00e9cimo de mm) empapada de resina de melamina. Las seccionadoras verticales y horizontales de las series SVP y VANTAGE Putsch\u00a0Meniconi son ideales en el corte de este material sutil y ligero.<\/p>\n\n\n<div class=\"wp-block-image\">\n<figure class=\"aligncenter\"><img decoding=\"async\" src=\"https:\/\/www.putschmeniconi.com\/wp-content\/uploads\/2017\/01\/nobilitati.jpg\" alt=\"\" title=\"nobilitati\"\/><\/figure>\n<\/div>\n\n\n<h2 class=\"wp-block-heading\">Aglomerados<\/h2>\n\n\n\n<p>Aglomerado es el nombre con qu\u00e9, normalmente, son llamados los tableros de fibra de madera compuestos por trocillos resultantes del recorte de las normales transformaciones de la madera y r\u00e1pidamente cortado con las dimensionadoras verticales y cortadoras horizontales Putsch\u00a0Meniconi producidas al cien por cien en Italia.<br>Con el mismo nombre se puede indicar tambi\u00e9n al material de madera de base, es decir, la aglomeraci\u00f3n de trocillos empleada para producir estos tableros. En cada uno de estos casos, las dimensionadoras Putsch\u00a0Meniconi siempre son las mejores para cortar estos paneles.<\/p>\n\n\n\n<figure class=\"wp-block-video\"><video height=\"1080\" style=\"aspect-ratio: 1080 \/ 1080;\" width=\"1080\" controls src=\"https:\/\/impormaderasltda.com\/wp-content\/uploads\/2025\/09\/wood-chipboard-vertical.mp4\"><\/video><\/figure>\n\n\n<div class=\"wp-block-image\">\n<figure class=\"aligncenter\"><img decoding=\"async\" src=\"https:\/\/www.putschmeniconi.com\/wp-content\/uploads\/2017\/01\/truciolari.jpg\" alt=\"\" title=\"truciolari\"\/><\/figure>\n<\/div>\n\n\n<h1 class=\"wp-block-heading\"><strong><em>Materias Pl\u00e1sticas<\/em><\/strong><\/h1>\n\n\n\n<h2 class=\"wp-block-heading\">Acr\u00edlico<\/h2>\n\n\n\n<p>Los tableros de material acr\u00edlico se obtienen de las resinas acr\u00edlicas y son cortados cotidianamente por millares de clientes Putsch\u00a0Meniconi en todo el Mondo con las r\u00e1pidas y sencillas seccionadoras verticales y seccionadoras horizontales Putsch\u00a0Meniconi cien por cien hecha en Italia.<\/p>\n\n\n<div class=\"wp-block-image\">\n<figure class=\"aligncenter\"><img decoding=\"async\" src=\"https:\/\/www.putschmeniconi.com\/wp-content\/uploads\/2017\/01\/acrilico.jpg\" alt=\"\" title=\"acrilico\"\/><\/figure>\n<\/div>\n\n\n<h2 class=\"wp-block-heading\">Laminados Plasticos<\/h2>\n\n\n\n<p>Los Laminados Pl\u00e1sticos son materiales obtenidos a trav\u00e9s procesos de laminaci\u00f3n y usados en el sector de los muebles. Si tienen un espesor adecuado, los laminados son usados como revestimientos de construcci\u00f3n y decoraci\u00f3n para jardines. En cada una de estas diferentes aplicaciones el laminado pl\u00e1stico es cortado por las cortadoras verticales y dimensionadoras horizontales Putsch\u00a0Meniconi.<\/p>\n\n\n<div class=\"wp-block-image\">\n<figure class=\"aligncenter\"><img decoding=\"async\" src=\"https:\/\/www.putschmeniconi.com\/wp-content\/uploads\/2017\/01\/laminati-plastici.jpg\" alt=\"\" title=\"laminati-plastici\"\/><\/figure>\n<\/div>\n\n\n<h2 class=\"wp-block-heading\">Makrolon\u00ae<\/h2>\n\n\n\n<p>El Makrolon es un material compuesto que permite la construcci\u00f3n de proyectos de edificaci\u00f3n y que se puede cortar con las seccionadoras verticales y horizontales Putsch\u00a0Meniconi.<\/p>\n\n\n<div class=\"wp-block-image\">\n<figure class=\"aligncenter\"><img decoding=\"async\" src=\"https:\/\/www.putschmeniconi.com\/wp-content\/uploads\/2017\/01\/makrolon-bayer.jpg\" alt=\"\" title=\"makrolon-bayer\"\/><\/figure>\n<\/div>\n\n\n<h2 class=\"wp-block-heading\">Lexan\u00ae<\/h2>\n\n\n\n<p>El\u00a0<strong>Lexan<\/strong>\u00a0es una particular resina que pertenece a la familia de los policarbonatos.<br>Las aplicaciones del\u00a0<strong>Lexan<\/strong>\u00a0son multiples y las seccionadoras Putsch\u00a0Meniconi son las mejores m\u00e1quinas cortadoras con las que se puede cortar este material.<br>Con respecto a plexiglass, el\u00a0<strong>Lexan<\/strong>\u00a0presenta una mayor flexibilidad y resistencia al corte, pero con las dimensionadoras Putsch\u00a0Meniconi el corte de este material siempre es muy f\u00e1cil y r\u00e1pido.<\/p>\n\n\n<div class=\"wp-block-image\">\n<figure class=\"aligncenter\"><img decoding=\"async\" src=\"https:\/\/www.putschmeniconi.com\/wp-content\/uploads\/2017\/01\/lexan.jpg\" alt=\"\" title=\"lexan\"\/><\/figure>\n<\/div>\n\n\n<h2 class=\"wp-block-heading\">Pl\u00e1stico<\/h2>\n\n\n\n<p>La mayor parte de las seccionadoras verticales y cortadoras horizontales Putsch\u00a0Meniconi son vendidas para cortar m\u00e1terias pl\u00e1sticas demostrando la gran atenci\u00f3n puesta por Putsch\u00a0Meniconi S.p.A. en el corte de este material.<\/p>\n\n\n<div class=\"wp-block-image\">\n<figure class=\"aligncenter\"><img decoding=\"async\" src=\"https:\/\/www.putschmeniconi.com\/wp-content\/uploads\/2017\/01\/plastica.jpg\" alt=\"\" title=\"plastica\"\/><\/figure>\n<\/div>\n\n\n<h2 class=\"wp-block-heading\">Forex\u00ae<\/h2>\n\n\n\n<p>El Forex es un material pl\u00e1stico formado por PVC expandido o semi-expandido; es conocido tambi\u00e9n como Vekaplan y se puede cortar facilmente con las dimensionadoras Putsch\u00a0Meniconi.<\/p>\n\n\n<div class=\"wp-block-image\">\n<figure class=\"aligncenter\"><img decoding=\"async\" src=\"https:\/\/www.putschmeniconi.com\/wp-content\/uploads\/2017\/01\/metacrilato.jpg\" alt=\"\" title=\"metacrilato\"\/><\/figure>\n<\/div>\n\n\n<h2 class=\"wp-block-heading\">Plexiglass y Metacrilato<\/h2>\n\n\n\n<p>Normalmente el Plexiglass y el Metacrilato son muy transparentes, m\u00e1s que el vidrio, con la propiedad de ser m\u00e1s o menos irrompibles segun su \u201cmezcla\u201d. Las m\u00e1quinas seccionadoras m\u00e1s adecuadas para el corte Plexiglass y el corte Metacrilato son aquellas totalmente hechas en Italia por Putsch\u00a0Meniconi.<\/p>\n\n\n<div class=\"wp-block-image\">\n<figure class=\"aligncenter\"><img decoding=\"async\" src=\"https:\/\/www.putschmeniconi.com\/wp-content\/uploads\/2017\/01\/plexiglass.jpg\" alt=\"\" title=\"plexiglass\"\/><\/figure>\n<\/div>\n\n\n<h2 class=\"wp-block-heading\">Policarbonato<\/h2>\n\n\n\n<p>El Policarbonato es un pol\u00edmero muy vers\u00e1til por sus propiedades de transparencia, ligerez y resistencia a los golpes. El policarbonato puede ser f\u00e1cilmente cortado con las cortadoras verticales y cortadoras horizontales Putsch\u00a0Meniconi producidas en Poggibonsi en el coraz\u00f3n de la Toscana.<\/p>\n\n\n\n<figure class=\"wp-block-video\"><video height=\"1080\" style=\"aspect-ratio: 1080 \/ 1080;\" width=\"1080\" controls src=\"https:\/\/impormaderasltda.com\/wp-content\/uploads\/2025\/09\/plastics-polycarbonate-vertical.mp4\"><\/video><\/figure>\n\n\n<div class=\"wp-block-image\">\n<figure class=\"aligncenter\"><img decoding=\"async\" src=\"https:\/\/www.putschmeniconi.com\/wp-content\/uploads\/2017\/01\/policarbonato.jpg\" alt=\"\" title=\"policarbonato\"\/><\/figure>\n<\/div>\n\n\n<h2 class=\"wp-block-heading\">Polipropileno<\/h2>\n\n\n\n<p>El Polipropileno obtuvo gran \u00e9xito en la industria pl\u00e1stica y, a la par, tienen gran notoriedad tambi\u00e9n las seccionadoras horizontales y seccionadoras verticales Putsch\u00a0Meniconi que sirven para el corte de este material.<\/p>\n\n\n<div class=\"wp-block-image\">\n<figure class=\"aligncenter\"><img decoding=\"async\" src=\"https:\/\/www.putschmeniconi.com\/wp-content\/uploads\/2017\/01\/polipropilene.jpg\" alt=\"\" title=\"polipropilene\"\/><\/figure>\n<\/div>\n\n\n<h2 class=\"wp-block-heading\">PVC<\/h2>\n\n\n\n<p>Gli utilizzi del\u00a0<strong>PVC<\/strong>\u00a0En t\u00e9rminos de aplicaci\u00f3n, el PVC es la materia pl\u00e1stica m\u00e1s vers\u00e1til conocida. Por consiguiente, gran parte de las dimensionadoras Putsch\u00a0Meniconi es empleada por empresas de transformaci\u00f3n materiales pl\u00e1sticos.<\/p>\n\n\n<div class=\"wp-block-image\">\n<figure class=\"aligncenter\"><img decoding=\"async\" src=\"https:\/\/www.putschmeniconi.com\/wp-content\/uploads\/2017\/01\/PVC_materiali.jpg\" alt=\"\" title=\"PVC_materiali\"\/><\/figure>\n<\/div>\n\n\n<h1 class=\"wp-block-heading\"><em><strong>Materiales Compuestos<\/strong><\/em><\/h1>\n\n\n\n<h2 class=\"wp-block-heading\">Alucobond<\/h2>\n\n\n\n<p>El Alucobond es el material de revestimiento fachadas por excelencia y es normalmente empleado en transformaciones donde se pide ligereza, resistencia y aislamiento ac\u00fastico. Las seccionadoras verticales, seccionadoras horizontales y los centros de trabajo CNC Putsch\u00a0Meniconi siempre son perfectos para cortar y fresar este material de las formas deseadas por todos los clientes Putsch\u00a0Meniconi S.p.A.<\/p>\n\n\n\n<figure class=\"wp-block-video\"><video height=\"1080\" style=\"aspect-ratio: 1080 \/ 1080;\" width=\"1080\" controls src=\"https:\/\/impormaderasltda.com\/wp-content\/uploads\/2025\/09\/composite-alucobond-vertical.mp4\"><\/video><\/figure>\n\n\n\n<figure class=\"wp-block-video\"><video height=\"1080\" style=\"aspect-ratio: 1080 \/ 1080;\" width=\"1080\" controls src=\"https:\/\/impormaderasltda.com\/wp-content\/uploads\/2025\/09\/composite-alucobond-horizontal.mp4\"><\/video><\/figure>\n\n\n\n<h2 class=\"wp-block-heading\">Alucore\u00ae<\/h2>\n\n\n\n<p>El Alucore es un compuesto en aluminio que garantiza constancia de calidad y regularidad superficial y es perfectamente cortable con las dimensionadoras Putsch\u00a0Meniconi de nueva generaci\u00f3n, sea para el corte horizontal que para el corte vertical.<\/p>\n\n\n\n<h2 class=\"wp-block-heading\">Alupanel Lite<\/h2>\n\n\n\n<p>Alupanel Lite es un tablero compuesto en aluminio especialmente ligero: las seccionadoras, cortadoras y centros de trabajo CNC Putsch<sup>\u00ae<\/sup>&nbsp;Meniconi siempre son la mejor soluci\u00f3n para cortar tableros de alupanel lite en cualquier condici\u00f3n y cantidad deseada por cada cliente Putsch<sup>\u00ae<\/sup>&nbsp;Meniconi Spa.<\/p>\n\n\n\n<h2 class=\"wp-block-heading\">Etalbond\u00ae<\/h2>\n\n\n\n<p><strong>Etalbond<\/strong>\u00a0Etalbond\u00ae es un tablero compuesto sandwich de calidad muy alta. Etalbond es facilmente cortable con las seccionadoras, dimensionadoras, cortadoras y centros de trabajo CNC Putsch\u00a0Meniconi gracias a la fuerza, la precisi\u00f3n y la gran fiabilidad de estas m\u00e1quinas totalmente producidas en los establecimientos Putsch\u00a0Meniconi Spa.<\/p>\n\n\n\n<h2 class=\"wp-block-heading\">Reynobond\u00ae<\/h2>\n\n\n\n<p>Las m\u00e1quinas seccionadoras verticales y horizontales Putsch\u00a0Meniconi Spa son ideales para cortar tableros de este material compuesto y por eso son empleadas por las mejores empresas de gr\u00e1fica y transformaci\u00f3n compuestos.<\/p>\n\n\n\n<h1 class=\"wp-block-heading\"><strong><em>Materiales Especiales<\/em><\/strong><\/h1>\n\n\n\n<h2 class=\"wp-block-heading\">Pladur\u00ae<\/h2>\n\n\n\n<p>Las m\u00e1quinas seccionadoras, los centros de trabajo CNC y las cortadoras Putsch\u00a0Meniconi son ideales para cortar pladur de cualquier tama\u00f1o\u00a0de corte deseado por cada cliente Putsch\u00a0Meniconi Spa.<\/p>\n\n\n\n<figure class=\"wp-block-video\"><video height=\"1080\" style=\"aspect-ratio: 1080 \/ 1080;\" width=\"1080\" controls src=\"https:\/\/impormaderasltda.com\/wp-content\/uploads\/2025\/09\/special-plasterboard-vertical.mp4\"><\/video><\/figure>\n\n\n\n<h2 class=\"wp-block-heading\">Corian\u00ae<\/h2>\n\n\n\n<p>El Corian es uno de los materiales m\u00e1s<em>\u00a0<\/em>cortados en las empresas clientes Putsch\u00a0Meniconi con las seccionadoras y centros de trabajo CNC Putsch\u00a0Meniconi Spa que permite cortar y fresar seg\u00fan las necesidades.<\/p>\n\n\n\n<h2 class=\"wp-block-heading\">Trespa\u00ae<\/h2>\n\n\n\n<p>El\u00a0<strong>Trespa<\/strong>\u00a0es un tablero compacto hecho de alta presi\u00f3n (HPL). Es un producto muy duro de alta densidad, f\u00e1cilmente y r\u00e1pidamente cortable con las m\u00e1quinas\u00a0seccionadoras y centros de trabajo CNC Putsch\u00a0Meniconi Spa. Las m\u00e1quinas cortadoras Putsch\u00a0Meniconi son las m\u00e1s apreciadas por las carpinter\u00edas, empresas gr\u00e1ficas y de comercio de madera de todo el Mundo.<\/p>\n\n\n\n<h2 class=\"wp-block-heading\">Paneles Aislantes<\/h2>\n\n\n\n<p>Los paneles aislantes ofrecen insulacion t\u00e9rmica, ac\u00fastica y t\u00e9rmico- ac\u00fastica. Las seccionadoras verticales, horizontales y los centros de trabajo CNC Alucenter Putsch<sup>\u00ae<\/sup>\u00a0Meniconi son las mejores m\u00e1quinas y m\u00e1s versatiles para cortar estos tableros.<\/p>\n\n\n\n<h2 class=\"wp-block-heading\">Poliuretano<\/h2>\n\n\n\n<p>El poliuretano es empleado para la producci\u00f3n de fibras sint\u00e9ticas, adhesivos y barnices. Las cortadoras y centros de trabajo CNC Putsch\u00a0Meniconi son los mejores dispositivos para cortar hojas de poliuretano con tama\u00f1os personalizados para satisfacer las exigencias de todos los clientes.<\/p>\n\n\n\n<h2 class=\"wp-block-heading\">Fibra de vidrio<\/h2>\n\n\n\n<p>La Sierra Vertical Putsch\u00a0Meniconi siempre son ideales para cortar este material gracias a su gran resistencia, versatilidad y potencia.<\/p>\n\n\n\n<h2 class=\"wp-block-heading\">Paneles de nidos de abeja<\/h2>\n\n\n\n<p>Las dimensionadoras Putsch<sup>\u00ae<\/sup>&nbsp;Meniconi, y los centros de trabajo CNC son los mejores dispositivos para cortar estos tableros muy utilizados en el sector de la construcci\u00f3n.<\/p>\n","protected":false},"excerpt":{"rendered":"<p>Madera Contrachapado El contrachapado\u00a0es uno de los principales semiterminados que se pueden cortar con las seccionadoras horizontales y verticales Putsch\u00a0Meniconi. Laminados Los pisos en laminado est\u00e1n compuestos por unas capas de materiales cortables con las seccionadoras verticales SVP Series de Putsch\u00a0Meniconi. Madera Maciza Se define madera maciza, cualquier porci\u00f3n del tronco de un \u00e1rbol, del [&hellip;]<\/p>\n","protected":false},"author":1,"featured_media":0,"parent":0,"menu_order":0,"comment_status":"closed","ping_status":"closed","template":"template-full-width.php","meta":{"om_disable_all_campaigns":false,"_monsterinsights_skip_tracking":false,"_monsterinsights_sitenote_active":false,"_monsterinsights_sitenote_note":"","_monsterinsights_sitenote_category":0,"footnotes":""},"class_list":["post-3427","page","type-page","status-publish","hentry"],"_links":{"self":[{"href":"https:\/\/impormaderasltda.com\/index.php\/wp-json\/wp\/v2\/pages\/3427","targetHints":{"allow":["GET"]}}],"collection":[{"href":"https:\/\/impormaderasltda.com\/index.php\/wp-json\/wp\/v2\/pages"}],"about":[{"href":"https:\/\/impormaderasltda.com\/index.php\/wp-json\/wp\/v2\/types\/page"}],"author":[{"embeddable":true,"href":"https:\/\/impormaderasltda.com\/index.php\/wp-json\/wp\/v2\/users\/1"}],"replies":[{"embeddable":true,"href":"https:\/\/impormaderasltda.com\/index.php\/wp-json\/wp\/v2\/comments?post=3427"}],"version-history":[{"count":7,"href":"https:\/\/impormaderasltda.com\/index.php\/wp-json\/wp\/v2\/pages\/3427\/revisions"}],"predecessor-version":[{"id":3453,"href":"https:\/\/impormaderasltda.com\/index.php\/wp-json\/wp\/v2\/pages\/3427\/revisions\/3453"}],"wp:attachment":[{"href":"https:\/\/impormaderasltda.com\/index.php\/wp-json\/wp\/v2\/media?parent=3427"}],"curies":[{"name":"wp","href":"https:\/\/api.w.org\/{rel}","templated":true}]}}