{"id":3057,"date":"2024-10-02T16:18:24","date_gmt":"2024-10-02T16:18:24","guid":{"rendered":"https:\/\/impormaderasltda.com\/?page_id=3057"},"modified":"2024-10-02T16:23:52","modified_gmt":"2024-10-02T16:23:52","slug":"tc-capacitaciones","status":"publish","type":"page","link":"https:\/\/impormaderasltda.com\/index.php\/tc-capacitaciones\/","title":{"rendered":"T&amp;C Capacitaciones"},"content":{"rendered":"\n<p>Apreciado cliente Fiel, todas nuestras actividades, celebraciones, cursos o capacitaciones digitales o presenciales son totalmente gratis, recuerda muy bien, totalmente GRATIS, nos esforzamos cada d\u00eda por profesionalizarte y crecer juntos.<br><br>Algo que debes tener en cuenta<br><br>1. Todas nuestras actividades van dirigidas a los transformadores de la madera (Arquitectos, carpinteros, dise\u00f1adores o ebanistas).<br>2. No somos fabricantes, RTA o de ning\u00fan tipo de mueble.<br>3. Somos distribuidores de la materia prima para el dise\u00f1o y elaboraci\u00f3n de fachadas o interiores del mundo mobiliario.<br>4. Si participas en alguna de nuestras capacitaciones y eres un afortunado ganador de algunos de nuestros sorteos realizados en las mismas, tienes plazo de 1 mes para redimir tu premio a partir del sorteo.<br>5. Existe la posibilidad de que algunas ocasiones sean capacitaciones o cursos pr\u00e1cticos. En la mayor\u00eda de los casos nos enfocamos en hacer muebles para la decoraci\u00f3n. Ten muy en cuenta lo siguiente.<br>     A. No entregamos muebles armados por IMPORMADERAS<br>     B. No terminamos de ensamblar muebles hechos en dichos cursos o capacitaciones<br>     C. Si fuiste ganador y no alcanzo el tiempo para terminar alg\u00fan mueble pr\u00e1ctico, depende de ti la                      terminaci\u00f3n del mueble y flete del transporte de destino.<br>     D. No nos encargamos de env\u00edos de l\u00e1minas sorteadas o muebles did\u00e1cticos.<br>6. Si fuiste ganador de l\u00e1minas, recuerda que esta no va amarrada a servicios o flejes de ning\u00fan calibre.<br>7. Si fuiste ganador de alg\u00fan sorteo de Herramientas de cualquiera de nuestras marcas, debes encargarte de la recogida o transporte del mismo.<br>8. En nuestro curso de SketchUp que normalmente se dicta en marzo de cada a\u00f1o, debes encargarte de los equipos de c\u00f3mputo, ya que como empresa no brindamos los computadores, esperamos muy pronto poder hacerlo.<br>9. Pueden existir ocasiones donde IMPORMADERAS deba intervenir alg\u00fan tipo de actividad por temas de procesos o procedimientos, ya sea en dise\u00f1os o pr\u00e1cticas de actividades.<br><br>De antemano muchas gracias por tu comprensi\u00f3n.<br><br>Att: Equipo de IMPORMADERAS<br><br><br><\/p>\n","protected":false},"excerpt":{"rendered":"<p>Apreciado cliente Fiel, todas nuestras actividades, celebraciones, cursos o capacitaciones digitales o presenciales son totalmente gratis, recuerda muy bien, totalmente GRATIS, nos esforzamos cada d\u00eda por profesionalizarte y crecer juntos. Algo que debes tener en cuenta 1. Todas nuestras actividades van dirigidas a los transformadores de la madera (Arquitectos, carpinteros, dise\u00f1adores o ebanistas).2. No somos [&hellip;]<\/p>\n","protected":false},"author":1,"featured_media":0,"parent":0,"menu_order":0,"comment_status":"closed","ping_status":"closed","template":"","meta":{"om_disable_all_campaigns":false,"_monsterinsights_skip_tracking":false,"_monsterinsights_sitenote_active":false,"_monsterinsights_sitenote_note":"","_monsterinsights_sitenote_category":0,"footnotes":""},"class_list":["post-3057","page","type-page","status-publish","hentry"],"_links":{"self":[{"href":"https:\/\/impormaderasltda.com\/index.php\/wp-json\/wp\/v2\/pages\/3057","targetHints":{"allow":["GET"]}}],"collection":[{"href":"https:\/\/impormaderasltda.com\/index.php\/wp-json\/wp\/v2\/pages"}],"about":[{"href":"https:\/\/impormaderasltda.com\/index.php\/wp-json\/wp\/v2\/types\/page"}],"author":[{"embeddable":true,"href":"https:\/\/impormaderasltda.com\/index.php\/wp-json\/wp\/v2\/users\/1"}],"replies":[{"embeddable":true,"href":"https:\/\/impormaderasltda.com\/index.php\/wp-json\/wp\/v2\/comments?post=3057"}],"version-history":[{"count":3,"href":"https:\/\/impormaderasltda.com\/index.php\/wp-json\/wp\/v2\/pages\/3057\/revisions"}],"predecessor-version":[{"id":3062,"href":"https:\/\/impormaderasltda.com\/index.php\/wp-json\/wp\/v2\/pages\/3057\/revisions\/3062"}],"wp:attachment":[{"href":"https:\/\/impormaderasltda.com\/index.php\/wp-json\/wp\/v2\/media?parent=3057"}],"curies":[{"name":"wp","href":"https:\/\/api.w.org\/{rel}","templated":true}]}}