{"id":2121,"date":"2022-10-24T13:13:17","date_gmt":"2022-10-24T13:13:17","guid":{"rendered":"https:\/\/impormaderasltda.com\/?page_id=2121"},"modified":"2022-10-24T13:30:47","modified_gmt":"2022-10-24T13:30:47","slug":"politica-de-privacidad-arki","status":"publish","type":"page","link":"https:\/\/impormaderasltda.com\/index.php\/politica-de-privacidad-arki\/","title":{"rendered":"POLITICA DE PRIVACIDAD ARKI"},"content":{"rendered":"\n<p>\u00daltima actualizaci\u00f3n: 24 DE OCTUBRE DEL 2022<\/p>\n\n\n\n<p><strong>\u00a1Bienvenido a ARKI!<\/strong><\/p>\n\n\n\n<p><strong>IMPORMADERAS<\/strong>, tiene su sede en Cali &#8211; Colombia. Todas nuestras sedes operan en la ciudad ya mencionada, trabajamos para llevar a ustedes los mejores productos y servicios.<\/p>\n\n\n\n<p>Esta pol\u00edtica de privacidad describe las diferentes formas en que podemos recopilar, utilizar y compartir datos en los Servicios de<strong> ARKI<\/strong>, Si tiene alguna pregunta, siempre puede ponerse en contacto con nosotros en www.impormaderasltda.com o a nuestro email publicidad@impormaderasltda.com<\/p>\n\n\n\n<p>Cuando nos referimos a <strong>ARKI<\/strong> en esta pol\u00edtica de privacidad, nos referimos a la entidad de <strong>IMPORMADERAS<\/strong> que controla y es responsable de sus datos, tambi\u00e9n puede encontrar detalles sobre el responsable del tratamiento de datos personales que recopilamos a trav\u00e9s de www.impormaderasltda.com<br>&nbsp;<\/p>\n\n\n\n<h2 class=\"wp-block-heading\">1. \u00bfQU\u00c9 ES ARKI?<\/h2>\n\n\n\n<p><strong>ARKI<\/strong> es un simulador de movimiento libre (casa modelo) donde t\u00fa como usuario puedes interactuar cambiando texturas, viendo el funcionamiento de algunos de nuestros productos, cotizar y comprar a tr\u00e1ves de nuestra tienda online www.tiendaonline.impormaderasltda.com.<br>\u00a0<\/p>\n\n\n\n<h2 class=\"wp-block-heading\">2. \u00bfQU\u00c9 DATOS RECOPILAMOS?<\/h2>\n\n\n\n<p>Solo recopilamos datos de una solo forma y es cuando usted como cliente nos los suministras por medio del chat online.<\/p>\n\n\n\n<h3 class=\"wp-block-heading\">\u00a0 \u00a0 \u00a0 \u00a0 \u00a0 Datos que nos facilita<\/h3>\n\n\n\n<p>Puede facilitarnos en algunos momentos datos como:<br><br>*Nombre<br>*Apellido<br>*Direcci\u00f3n<br>*Tel\u00e9fono<br><\/p>\n\n\n\n<h3 class=\"wp-block-heading\">&nbsp; &nbsp; &nbsp; &nbsp; &nbsp;3. \u00bfC\u00d3MO UTILIZAMOS LOS DATOS?<\/h3>\n\n\n\n<p>*Para cotizaciones<br>*Ventas<br>*Entregas a domicilio<br>*Generar algun tipo de documento de venta o cotizaci\u00f3n<\/p>\n\n\n\n<p><\/p>\n\n\n\n<h2 class=\"wp-block-heading\">4.&nbsp;\u00bfC\u00d3MO COMPARTIMOS LOS DATOS?<\/h2>\n\n\n\n<p>Podemos compartir parte de los datos que recopilamos para ayudar a gestionar y mejorar los Servicios de <strong>ARKI<\/strong>. Dependiendo de c\u00f3mo interact\u00fae con nosotros, algunos ejemplos comunes pueden incluir compartir:<\/p>\n\n\n\n<ul class=\"wp-block-list\"><li>A tr\u00e1ves de terceros para pagos.<\/li><li>A tr\u00e1ves de terceros para garant\u00edas.<\/li><\/ul>\n\n\n\n<h2 class=\"wp-block-heading\">5.&nbsp;PRIVACIDAD A MENORES<\/h2>\n\n\n\n<p><strong>ARKI<\/strong> se consideran adecuado para el p\u00fablico en general y no est\u00e1n destinados a ni\u00f1os (normalmente se consideran ni\u00f1os los menores de 13 a\u00f1os, dependiendo de d\u00f3nde residan). ARKI no recopila de forma intencionada datos personales de ni\u00f1os sin obtener la aprobaci\u00f3n necesaria de los padres de conformidad con las obligaciones legales y reglamentarias aplicables, como por ejemplo la Ley de protecci\u00f3n de la privacidad infantil en l\u00ednea de EE.&nbsp;UU. (Children\u2019s Online Privacy Protection Act, \u201cCOPPA\u201d).<\/p>\n\n\n\n<p><\/p>\n","protected":false},"excerpt":{"rendered":"<p>\u00daltima actualizaci\u00f3n: 24 DE OCTUBRE DEL 2022 \u00a1Bienvenido a ARKI! IMPORMADERAS, tiene su sede en Cali &#8211; Colombia. Todas nuestras sedes operan en la ciudad ya mencionada, trabajamos para llevar a ustedes los mejores productos y servicios. Esta pol\u00edtica de privacidad describe las diferentes formas en que podemos recopilar, utilizar y compartir datos en los [&hellip;]<\/p>\n","protected":false},"author":1,"featured_media":0,"parent":0,"menu_order":0,"comment_status":"closed","ping_status":"closed","template":"","meta":{"om_disable_all_campaigns":false,"_monsterinsights_skip_tracking":false,"_monsterinsights_sitenote_active":false,"_monsterinsights_sitenote_note":"","_monsterinsights_sitenote_category":0,"footnotes":""},"class_list":["post-2121","page","type-page","status-publish","hentry"],"_links":{"self":[{"href":"https:\/\/impormaderasltda.com\/index.php\/wp-json\/wp\/v2\/pages\/2121","targetHints":{"allow":["GET"]}}],"collection":[{"href":"https:\/\/impormaderasltda.com\/index.php\/wp-json\/wp\/v2\/pages"}],"about":[{"href":"https:\/\/impormaderasltda.com\/index.php\/wp-json\/wp\/v2\/types\/page"}],"author":[{"embeddable":true,"href":"https:\/\/impormaderasltda.com\/index.php\/wp-json\/wp\/v2\/users\/1"}],"replies":[{"embeddable":true,"href":"https:\/\/impormaderasltda.com\/index.php\/wp-json\/wp\/v2\/comments?post=2121"}],"version-history":[{"count":4,"href":"https:\/\/impormaderasltda.com\/index.php\/wp-json\/wp\/v2\/pages\/2121\/revisions"}],"predecessor-version":[{"id":2128,"href":"https:\/\/impormaderasltda.com\/index.php\/wp-json\/wp\/v2\/pages\/2121\/revisions\/2128"}],"wp:attachment":[{"href":"https:\/\/impormaderasltda.com\/index.php\/wp-json\/wp\/v2\/media?parent=2121"}],"curies":[{"name":"wp","href":"https:\/\/api.w.org\/{rel}","templated":true}]}}